lse
Is 283111 prime?
True
Is 181961 prime?
False
Is 218549 a prime number?
True
Is 285433 a prime number?
True
Is 613 prime?
True
Is 289369 composite?
False
Is 8413 a composite number?
True
Is 889 a composite number?
True
Is 3935 composite?
True
Is 418459 a composite number?
False
Is 13799 composite?
False
Is 42797 composite?
False
Is 299 a composite number?
True
Is 50429 composite?
True
Is 33265 a composite number?
True
Is 877 a prime number?
True
Is 37409 a composite number?
False
Is 57751 a composite number?
False
Is 478177 composite?
True
Is 31247 composite?
False
Is 19021 a prime number?
False
Is 329 composite?
True
Is 72251 a prime number?
True
Is 27163 prime?
False
Is 860029 a composite number?
False
Is 127423 a composite number?
False
Is 9391 composite?
False
Is 65479 composite?
False
Is 137077 a composite number?
False
Is 105443 composite?
True
Is 38299 a prime number?
True
Is 12755 a composite number?
True
Is 2863 prime?
False
Is 131951 a composite number?
True
Is 602389 a composite number?
True
Is 161807 composite?
False
Is 3901 prime?
False
Is 8263 prime?
True
Is 116953 a composite number?
False
Is 283669 composite?
False
Is 161363 a prime number?
True
Is 71251 a prime number?
False
Is 10817 a prime number?
False
Is 413 composite?
True
Is 31469 a prime number?
True
Is 1069 a composite number?
False
Is 36434 a prime number?
False
Is 9026 a composite number?
True
Is 35 a prime number?
False
Is 52147 a prime number?
True
Is 88211 a prime number?
True
Is 62773 a composite number?
False
Is 202885 a prime number?
False
Is 92459 a prime number?
True
Is 406291 prime?
False
Is 2309 prime?
True
Is 20627 a prime number?
True
Is 5021 a composite number?
False
Is 283685 a composite number?
True
Is 5501 a prime number?
True
Is 5513 prime?
False
Is 23455 a prime number?
False
Is 9662 a prime number?
False
Is 225383 composite?
False
Is 28123 a prime number?
True
Is 48801 prime?
False
Is 20733 a composite number?
True
Is 28555 a prime number?
False
Is 22361 prime?
False
Is 9041 a prime number?
True
Is 16917 a prime number?
False
Is 26063 a prime number?
False
Is 2609 composite?
False
Is 4745605 a prime number?
False
Is 72763 a prime number?
True
Is 2627 prime?
False
Is 336523 prime?
False
Is 547901 a composite number?
False
Is 1147931 prime?
True
Is 316423 prime?
True
Is 4757 a prime number?
False
Is 219839 prime?
True
Is 95311 a prime number?
True
Is 73987 composite?
True
Is 21 a composite number?
True
Is 71223 a prime number?
False
Is 611434 prime?
False
Is 4679 a prime number?
True
Is 5315 a composite number?
True
Is 1894207 a composite number?
True
Is 247991 prime?
True
Is 253187 composite?
True
Is 7033 prime?
False
Is 6881 a prime number?
False
Is 8941 prime?
True
Is 57089 a composite number?
False
Is 307 a composite number?
False
Is 4487 a prime number?
False
Is 187463 composite?
False
Is 18367 a composite number?
False
Is 13133 prime?
False
Is 24313 a composite number?
True
Is 131861 prime?
True
Is 193811 a composite number?
False
Is 458759 prime?
False
Is 2179 a prime number?
True
Is 446559 prime?
False
Is 2221 composite?
False
Is 356663 prime?
True
Is 18787 a prime number?
True
Is 56701 a composite number?
False
Is 33227 prime?
False
Is 2159 composite?
True
Is 859943 a composite number?
True
Is 430937 a prime number?
False
Is 262937 composite?
False
Is 59239 a prime number?
True
Is 41347 a prime number?
False
Is 177339 composite?
True
Is 2477 a prime number?
True
Is 870731 prime?
True
Is 145633 composite?
False
Is 259951 a prime number?
False
Is 708333 a prime number?
False
Is 42083 prime?
True
Is 230446 composite?
True
Is 130551 prime?
False
Is 739 composite?
False
Is 382457 composite?
False
Is 3953 composite?
True
Is 893317 composite?
False
Is 7039 a composite number?
False
Is 57997 composite?
True
Is 26513 composite?
False
Is 6973 a prime number?
False
Is 1649 prime?
False
Is 98782 prime?
False
Is 471241 a prime number?
True
Is 14099 composite?
True
Is 22147 a prime number?
True
Is 160063 composite?
True
Is 24437 prime?
False
Is 18771 composite?
True
Is 1733 a prime number?
True
Is 889247 a composite number?
False
Is 365851 composite?
False
Is 3299 prime?
True
Is 65083 a composite number?
True
Is 19919 prime?
True
Is 267379 a composite number?
True
Is 29059 composite?
False
Is 66301 prime?
True
Is 477827 a composite number?
True
Is 14173 a composite number?
False
Is 248917 a composite number?
True
Is 51281 a prime number?
False
Is 1101 composite?
True
Is 1868747 composite?
False
Is 240871 composite?
True
Is 144511 a composite number?
False
Is 245027 composite?
True
Is 172787 prime?
True
Is 41815 a composite number?
True
Is 107549 composite?
True
Is 8279 a prime number?
False
Is 349259 a prime number?
False
Is 25693 a prime number?
True
Is 11057 composite?
False
Is 33907 a prime number?
False
Is 27193 a composite number?
True
Is 1233709 prime?
True
Is 7781 prime?
False
Is 1296497 a prime number?
False
Is 1388099 composite?
True
Is 257639 a composite number?
False
Is 1087 prime?
True
Is 182617 a prime number?
True
Is 4306 prime?
False
Is 1080069 composite?
True
Is 258563 a prime number?
True
Is 1043 a prime number?
False
Is 12295 a prime number?
False
Is 388919 prime?
False
Is 15097 a prime number?
False
Is 126989 composite?
False
Is 6127 a prime number?
False
Is 691 a prime number?
True
Is 407399 a composite number?
True
Is 919 composite?
False
Is 11383 a prime number?
True
Is 23801 a prime number?
True
Is 8861393 a prime number?
True
Is 82129 composite?
False
Is 93463 a prime number?
True
Is 9613 a prime number?
True
Is 101435 prime?
False
Is 298063 composite?
False
Is 8765 a prime number?
False
Is 41539 composite?
False
Is 19959 a composite number?
True
Is 547 prime?
True
Is 76051 a prime number?
False
Is 243239 prime?
True
Is 39679 a composite number?
False
Is 46174 prime?
False
Is 631 a composite number?
False
Is 1853 a composite number?
True
Is 382 a prime number?
False
Is 479 a prime number?
True
Is 116121 prime?
False
Is 34123 a prime number?
True
Is 258871 a prime number?
True
Is 505471 prime?
False
Is 194891 a composite number?
False
Is 50201 composite?
True
Is 207433 composite?
False
Is 8962 a prime number?
False
Is 395 a prime number?
False
Is 814523 a composite number?
True
Is 280113 a composite number?
True
Is 102757 prime?
False
Is 2437 a prime number?
True
Is 1987135 a prime number?
False
Is 75902 a prime number?
False
Is 771547 composite?
True
Is 246637 a prime number?
True
Is 4385 composite?
True
Is 26 a composite number?
True
Is 16499 prime?
False
Is 24233 prime?
False
Is 45209 a composite number?
True
Is 20813 composite?
True
Is 237769 a composite number?
True
Is 4529 a prime number?
False
Is 3989 a composite number?
False
Is 39469 a composite number?
True
Is 81899 prime?
True
Is 72791 a composite number?
True
Is 63561 a prime number?
False
Is 730447 composite?
False
Is 2093033 a prime number?
False
Is 7981 a composite number?
True
Is 151205 a composite number?
True
Is 9661 prime?
True
Is 1207 composite?
True
Is 395533 composite?
False
Is 282955 a composite number?
True
Is 245053 composite?
True
Is 678191 a prime number?
True
Is 70157 prime?
True
Is 721535 a prime number?
False
Is 1757995 a prime number?
False
Is 887 a composite number?
False
Is 929731 prime?
False
Is 5541 a composite number?
True
Is 258982 prime?
False
Is 4145555 a prime number?
False
Is 211331 a composite number?
True
Is 341869 prime?
False
Is 82589 prime?
False
Is 3989 composite?
False
Is 2579 a prime number?
True
Is 1003 a composite number?
True
Is 45478 a prime number?
False
Is 90931 a prime number?
True
Is 140129 composite?
True
Is 9235 prime?
False
Is 1960939 a composite number?
True
Is 238327 a prime number?
False
Is 75913 a composite number?
False
Is 622813 prime?
True
Is 403327 a composite number?
False
Is 919301 a prime number?
True
Is 1472831 a prime number?
True
Is 135989 a composite number?
True
Is 1117 a prime number?
True
Is 15681 composite?
True
Is 12037 a composite number?
False
Is 280499 composite?
False
Is 29771 composite?
True
Is 4271 a prime number?
True
Is 447 a composite number?
True
Is 12781 a prime number?
True
Is 5371115 composite?
True
Is 2199 a prime number?
False
Is 13637 a prime number?
False
Is 204757 a prime number